e h(-9).
-4
Let h(y) = 2*y**2 - 42*y + 31. Determine h(19).
-45
Let i(u) = -2*u**3 + u**2 + 26*u - 27. Calculate i(1).
-2
Let w(k) = k**3 + 4*k**2 + 6*k + 3. Calculate w(-4).
-21
Let c(u) = u**3 - 4*u**2 + 3*u. Give c(4).
12
Let o(f) = f**3 - 18*f**2 - 22*f - 22. Calculate o(19).
-79
Let q(v) = 9*v - 5. What is q(4)?
31
Let x(u) = u**2 - 18*u - 67. Determine x(21).
-4
Let l(h) = h**3 - 9*h**2 + 4. Calculate l(9).
4
Let t(k) = -k**2 - 4. Determine t(0).
-4
Let i(w) = -2*w + 13. Calculate i(6).
1
Let z(k) = -44*k + 751. Give z(17).
3
Let y(h) = -h**3 + 11*h**2 + 10*h + 23. Give y(12).
-1
Let y(m) = 9*m - 6. Determine y(3).
21
Let s(p) = 2*p**2 + p + 2. What is s(-1)?
3
Let t(i) = -i**3 + 7*i**2 - 11*i + 1. Calculate t(4).
5
Let y(j) = -j**2 + 5*j + 1. Give y(8).
-23
Let x(v) = v**3 + 17*v**2 - 63*v - 57. Give x(-20).
3
Let a(m) = 2*m**2 - 48*m + 42. Give a(23).
-4
Let x(j) = 3*j**2 - 16*j - 7. Give x(6).
5
Let v(u) = -6*u - 24. Calculate v(-1).
-18
Let d(q) = 10*q + 2. Calculate d(-4).
-38
Let w(z) = z - 8. Calculate w(5).
-3
Let l(x) = -4*x**3 - x**2 - 1. What is l(-1)?
2
Let w(i) = -i**3 + 8*i**2 - 10*i + 9. Calculate w(7).
-12
Let l(q) = -14*q**2 - 2*q + 1. Determine l(1).
-15
Let z(u) = -u**2 - 9*u - 24. Calculate z(-5).
-4
Let a(s) = 42*s - 2. Calculate a(1).
40
Let v(z) = z**3 - 14*z**2 + 14*z + 1. Calculate v(13).
14
Let t(a) = -3*a + 1. Give t(2).
-5
Let w(s) = -s**3 + 23*s**2 + 25*s - 16. Calculate w(24).
8
Let w(d) = -3*d + 2. What is w(9)?
-25
Let u(o) = o**2 - 30*o - 30. Give u(31).
1
Let c(d) = -19*d + 23. Determine c(-4).
99
Let c(n) = n**3 - 5*n**2 + 7*n - 4. What is c(4)?
8
Let a(w) = w**3 + 2*w**2 - 9*w - 9. Calculate a(-4).
-5
Let u(q) = 2*q - 8. Calculate u(-11).
-30
Let a(v) = -v**2 - v + 4. Determine a(5).
-26
Let m(h) = 4*h + 1. Calculate m(-1).
-3
Let y(n) = n**3 + 3*n**2 - 2*n - 2. Determine y(-3).
4
Let n(g) = -g + 2. Calculate n(2).
0
Let q(h) = -29*h**2 - h + 1. Determine q(1).
-29
Let n(m) = -2*m**2 + 18*m - 2. What is n(9)?
-2
Let y(l) = 28*l + 26. Give y(-2).
-30
Let l(p) = -11*p - 4. What is l(6)?
-70
Let z(x) = -x**3 + 5*x**2 + 2*x + 22. What is z(7)?
-62
Let v(g) = g**3 - 14*g**2 - 19*g + 57. Determine v(15).
-3
Let m(s) = -s + 23. What is m(0)?
23
Let c(o) = -2*o**3 - 3*o**2 + o + 3. Give c(3).
-75
Let v(s) = 3*s - 19. Calculate v(7).
2
Let b(g) = g + 2. Calculate b(-7).
-5
Let y(u) = 22*u - 124. Determine y(6).
8
Let z(o) = o**2 - 18*o + 38. Calculate z(16).
6
Let t(f) = -f**2 - 9*f - 14. Give t(-3).
4
Let j(n) = -n**2 + 8*n + 12. Give j(10).
-8
Let i(g) = g**2 - 2*g - 29. What is i(0)?
-29
Let r(n) = -2*n**3 - 57*n**2 - 27*n + 15. What is r(-28)?
-13
Let s(r) = -r**2 - 30*r + 311. Determine s(-38).
7
Let g(d) = 10*d - 24. Calculate g(4).
16
Let u(k) = k**3 - 12*k**2 + 11*k + 4. What is u(10)?
-86
Let p(h) = h**3 - 9*h**2 - 21*h - 11. Give p(11).
0
Let z(q) = 18*q**2 + 2*q - 3. What is z(-2)?
65
Let s(n) = -7*n + 6. Determine s(1).
-1
Let m(j) = 3*j**3 - 98*j**2 + 65*j - 34. Give m(32).
-2
Let n(r) = 23*r**2 + 3*r + 2. Determine n(-1).
22
Let q(d) = 13*d + 73. Give q(-6).
-5
Let x(c) = -5*c + 5. Calculate x(4).
-15
Let l(o) = o**2 + 3*o - 59. Calculate l(-9).
-5
Let h(s) = s**3 - 9*s**2 + 6*s - 5. What is h(9)?
49
Let d(i) = 3*i + 9. What is d(-8)?
-15
Let g(d) = 16*d - 76. Give g(4).
-12
Let a(c) = c**3 - 19*c**2 - 4*c - 9. What is a(19)?
-85
Let b(c) = 4*c**2 + 10*c + 1. What is b(-5)?
51
Let p(k) = -k**3 + k + 6. Calculate p(0).
6
Let i(g) = g**3 + 10*g**2 - g - 18. What is i(-10)?
-8
Let g(r) = -3*r + 3. Calculate g(2).
-3
Let l(p) = 6*p**2 + 36*p + 6. Give l(-6).
6
Let o(c) = -3*c + 16. What is o(7)?
-5
Let c(k) = 2*k**3 + k - 31. Give c(0).
-31
Let a(u) = -u**3 + 12*u**2 + 14*u - 9. What is a(13)?
4
Let z(m) = m + 12. Give z(-7).
5
Let u(a) = a + 3. Determine u(8).
11
Let x(c) = 4*c + 10. Give x(0).
10
Let g(l) = 6*l**3 + 2*l**2 - l - 2. Determine g(-1).
-5
Let o(w) = 2*w**2 - 4*w + 5. Determine o(5).
35
Let u(q) = 2*q + 6. What is u(-12)?
-18
Let n(c) = 4*c + 5. What is n(-5)?
-15
Let l(b) = 4*b**2 + 16*b - 22. Calculate l(-8).
106
Let q(b) = -8*b**3 + b**2 - 5*b + 3. Determine q(1).
-9
Let q(y) = -47*y**2 + y. Determine q(-1).
-48
Let n(r) = -21*r + 10. Calculate n(2).
-32
Let s(v) = -9*v - 103. Calculate s(-14).
23
Let h(y) = -22*y. Give h(-1).
22
Let m(r) = -r**2 - 9*r - 24. What is m(-2)?
-10
Let j(s) = -s**2 + 16*s - 20. Calculate j(14).
8
Let r(m) = -m**3 + 23*m**2 + 23*m + 23. Give r(24).
-1
Let l(r) = -2*r. Give l(-2).
4
Let l(w) = 2*w**2 + 28*w - 17. Determine l(-12).
-65
Let p(b) = 27*b**2 - 3*b + 3. Give p(1).
27
Let a(q) = 5*q + 8. Calculate a(-7).
-27
Let z(a) = a + 5. Determine z(-10).
-5
Let h(c) = -161*c - 1767. Calculate h(-11).
4
Let l(a) = a**3 + 9*a**2 + 7*a + 2. Calculate l(-8).
10
Let d(z) = -4*z - 39. What is d(-8)?
-7
Let v(i) = -i**2 - 4*i + 17. Determine v(-7).
-4
Let v(l) = l**3 - 14*l**2 + 11*l + 30. Calculate v(13).
4
Let l(c) = -2*c**3 + 27*c**2 + 11*c + 40. Give l(14).
-2
Let q(n) = -4*n - 28. What is q(-12)?
20
Let w(k) = k**3 - 6*k**2 - 2*k. What is w(4)?
-40
Let a(w) = w**2 - 24*w + 152. Give a(8).
24
Let o(l) = l**3 - 7*l**2 + 4*l + 14. Determine o(6).
2
Let q(y) = -y**2 - 5*y + 15. Calculate q(-7).
1
Let j(b) = 27*b - 356. Give j(13).
-5
Let l(p) = p**2 + 20*p - 50. Determine l(-19).
-69
Let y(d) = -d**2 + 4*d. Determine y(3).
3
Let l(q) = q**3 - 5*q**2 - 4*q + 5. Calculate l(6).
17
Let b(l) = l**3 - 10*l**2 + 20*l - 38. Give b(8).
-6
Let w(q) = -9*q - 10. What is w(3)?
-37
Let a(t) = -t**2 - 10*t + 34. What is a(-14)?
-22
Let m(p) = 2*p**2 + 12*p - 27. Calculate m(-9).
27
Let o(s) = -91*s - 452. Calculate o(-5).
3
Let g(c) = -c + 33. What is g(0)?
33
Let m(t) = -t**2 + 3*t + 6. What is m(3)?
6
Let n(r) = -r**3 + 5*r**2 + 4*r - 11. Determine n(5).
9
Let v(q) = -2*q - 2. Determine v(3).
-8
Let v(x) = x**2 + 27*x + 144. What is v(-8)?
-8
Let c(y) = y + 6. Give c(-4).
2
Let a(x) = -5*x - 107. Calculate a(-20).
-7
Let t(c) = -15*c. What is t(4)?
-60
Let i(z) = -z + 15. Give i(11).
4
Let k(l) = l**3 - 10*l**2 + 4*l - 29. Give k(10).
11
Let u(x) = -x**2 - 19*x + 116. Determine u(5).
-4
Let z(p) = 2*p - 27. What is z(0)?
-27
Let m(i) = -i**3 - 25*i**2 - 24*i + 5. Calculate m(-24).
5
Let z(y) = -8*y - 6. Give z(-1).
2
Let x(j) = -2*j - 41. Determine x(-15).
-11
Let c(h) = h**3 - 19*h**2 + 19*h - 6. What is c(18)?
12
Let x(t) = 5*t**3 - 4*t**2 - 4*t. What is x(-2)?
-48
Let g(p) = -2*p**2 - 33*p - 78. Determine g(-13).
13
Let f(g) = -24*g + 13. Give f(5).
-107
Let s(h) = -h**2 - 12*h - 11. Give s(-11).
0
Let d(n) = -n**3 + 7*n**2 - 36. Determine d(6).
0
Let r(w) = -w - 1. What is r(5)?
-6
Let z(v) = -6*v + 67. Calculate z(10).
7
Let a(u) = -u**2 + 21*u - 102. What is a(10)?
8
Let c(n) = n + 5. What is c(-7)?
-2
Let o(s) = 20*s + 2. Give o(0).
2
Let k(r) = 4*r + 83. Calculate k(-29).
-33
Let m(w) = 8*w - 25. Calculate m(2).
-9
Let z(y) = -4*y**3 + 33*y**2 - 5*y - 15. Determine z(8).
9
Let r(i) = i + 9. Determine r(-6).
3
Let h(m) = -m**2 + 20. What is h(6)?
-16
Let p(t) = -3*t**2 + 27*t + 15. Calculate p(9).
15
Let b(c) = -c**3 - 3*c**2 + 5*c - 3. What is b(-4)?
-7
Let d(h) = 9*h - 1. Calculate d(4).
35
Let i(v) = v**2 - v - 53. Determine i(7).
-11
Let s(c) = c - 17. Determine s(13).
-4
Let w(o) = o**3 - 6*o**2 + o - 7. Determine w(6).
-1
Let h(c) = 12*c - 19. Calculate h(8).
77
Let r(k) = 2*k - 3. Give r(-4).
-11
Let p(u) = 4*u - 14. Calculate p(4).
2
Let m(q) = -q**2 + 6*q - 12. What is m(5)?
-7
Let q(a) = 2*a - 2. What is q(6)?
10
Let a(l) = l + 12. Calculate a(-9).
3
Let t(k) = -49*k - 288. Determine t(-6).
6
Let a(g) = g**3 + 12*g**2 - 4*g - 15. Determine a(-12).
33
Let g(h) = -h + 4. What is g(4)?
0
Let l(n) = -n - 22. What is l(7)?
-29
Let q(p) = 34*p**3 - p. Give q(-1).
-33
Let f(s) = 5*s - 155. Give f(33).
10
Let d(b) = -2*b**2 + 6*b. What is d(5)?
-20
Let k(y) = y**3 - y**2 + y + 8. Give k(0).
8
Let k(d) = -d**3 + 7*d**2 + 8*d - 6. Determine k(8).
-6
Let o(f) = f**2 + 2*f + 1. Give o(-7).
36
Let v(b) = 5*b - 1. Determine v(3).
14
Let p(q) = -5*q**2 - 16*q + 82. Determine p(4).
-62
Let i(n) = 5*n - 3. Determine i(4).
17
Let c(z) = z**3 + 9*z**2 - 23*z - 16. Calculate c(-11).
-5
Let i(t) = -19*t + 63. Determine i(7).
-70
Let d(l) = -2*l**2 - 6*l + 16. Calculate d(-7)